rime number?
True
Is 10730340339 a prime number?
False
Is 36556115569 a prime number?
False
Is 170313623 a composite number?
False
Is 3611612089 a prime number?
False
Is 938300263 prime?
True
Is 418374647 composite?
False
Is 1587709553 prime?
False
Is 143086787 a prime number?
True
Is 13015422646 a prime number?
False
Is 2651500471 a composite number?
False
Is 19809925991 a composite number?
False
Is 5038903421 a prime number?
True
Is 19615554307 prime?
True
Is 1316662082 prime?
False
Is 9843044627 composite?
True
Is 17966483957 prime?
False
Is 18040921793 composite?
False
Is 227153369 prime?
True
Is 1013391839 a composite number?
False
Is 1404180629 a composite number?
False
Is 902948911 composite?
False
Is 16948544623 composite?
False
Is 4535950439 a composite number?
False
Is 1526430203 prime?
True
Is 689730131 a composite number?
True
Is 1960688189 composite?
False
Is 380586391 composite?
False
Is 2748311213 a composite number?
False
Is 36836242519 composite?
False
Is 1190370199 prime?
True
Is 21800623 a composite number?
True
Is 110734579099 prime?
True
Is 199232479 a composite number?
True
Is 120355990507 a prime number?
False
Is 1095327829 a composite number?
True
Is 3337376971 prime?
True
Is 198048853 composite?
True
Is 2300309197 prime?
False
Is 367946773 a composite number?
True
Is 1774537543 a prime number?
True
Is 5048149471 a prime number?
True
Is 3809272907 a composite number?
True
Is 614787803 composite?
True
Is 201060485459 composite?
True
Is 170886653 a prime number?
False
Is 156892847 a prime number?
False
Is 2204446133 a composite number?
False
Is 102226245931 prime?
False
Is 3714644137 a composite number?
True
Is 37365850411 prime?
True
Is 23333354101 a prime number?
True
Is 27989851207 a prime number?
False
Is 28742347201 composite?
True
Is 2090701631 a prime number?
True
Is 50006463211 prime?
False
Is 193369091 a composite number?
False
Is 16321027 composite?
True
Is 3290747281 a prime number?
True
Is 33392307379 prime?
True
Is 27097041241 a composite number?
False
Is 758726057 a composite number?
True
Is 1505306303 a prime number?
True
Is 9635029897 a composite number?
False
Is 5478578621 a prime number?
True
Is 71025679 a composite number?
True
Is 15627502519 a prime number?
False
Is 3509749129 a composite number?
False
Is 283095521 prime?
True
Is 38139239 a prime number?
True
Is 140652241 a composite number?
False
Is 3119846357 a prime number?
False
Is 12262571509 a prime number?
False
Is 252900881 prime?
False
Is 22733967367 prime?
True
Is 11314618711 a composite number?
True
Is 7249061507 prime?
False
Is 89940247633 composite?
False
Is 4147682459 prime?
False
Is 52222097261 composite?
True
Is 2202387721 a prime number?
True
Is 31745498077 a prime number?
True
Is 1766831315 a prime number?
False
Is 13270889213 a prime number?
False
Is 16731354617 a composite number?
True
Is 1220838947 prime?
True
Is 10489896217 prime?
True
Is 8624025581 a composite number?
False
Is 5540890189 a prime number?
False
Is 171749365318 a prime number?
False
Is 810929261 a prime number?
True
Is 945494183 a prime number?
True
Is 6635568853 prime?
True
Is 59066382706 a composite number?
True
Is 6253352633 a composite number?
True
Is 3119789339 a composite number?
True
Is 5557505599 composite?
False
Is 5510154187 a prime number?
True
Is 382915121 prime?
True
Is 6871332521 a composite number?
False
Is 7542096587 a prime number?
True
Is 27446432993 a composite number?
True
Is 4693938758 a composite number?
True
Is 15534396997 composite?
True
Is 228224963 a composite number?
True
Is 13662885297 a prime number?
False
Is 5619458249 prime?
True
Is 16066909385 a composite number?
True
Is 1285231663 a composite number?
False
Is 113039801 prime?
False
Is 887073331 prime?
True
Is 3900083533 composite?
True
Is 2530258399 composite?
False
Is 5403946811 prime?
True
Is 472531973 prime?
True
Is 25370611001 composite?
False
Is 207647641 prime?
False
Is 25834180427 a composite number?
True
Is 7127564747 a composite number?
False
Is 1402857481 composite?
False
Is 7929188689 prime?
False
Is 55026030659 composite?
True
Is 13804691345 a composite number?
True
Is 1692051149 prime?
False
Is 370081277 a prime number?
False
Is 7264606717 prime?
True
Is 5614639761 a prime number?
False
Is 176753359 a prime number?
True
Is 1433377277 a prime number?
True
Is 368302513 composite?
True
Is 231675097 a prime number?
False
Is 16136779657 prime?
False
Is 8906534521 composite?
False
Is 167785879 a prime number?
False
Is 51015355417 a composite number?
True
Is 314029921 a composite number?
True
Is 64653000499 a composite number?
False
Is 1054067198 a composite number?
True
Is 1531728001 composite?
False
Is 84689070197 prime?
False
Is 7524772847 prime?
False
Is 83332553 composite?
False
Is 607441027 composite?
True
Is 2268977413 composite?
False
Is 2747350967 a composite number?
False
Is 35095599641 composite?
False
Is 696540673 prime?
True
Is 25126920727 prime?
False
Is 480107453 a composite number?
True
Is 405252899 prime?
False
Is 213177619 a composite number?
True
Is 43957997393 composite?
False
Is 5142194069 a prime number?
True
Is 86396745593 prime?
False
Is 69610354171 a prime number?
False
Is 57439741894 prime?
False
Is 31087027 a composite number?
False
Is 420679733 a composite number?
False
Is 24159064099 composite?
False
Is 18958908041 prime?
True
Is 576399847 a composite number?
False
Is 149929972331 composite?
False
Is 29772635503 a composite number?
True
Is 180364931 a prime number?
False
Is 7588763207 prime?
False
Is 22553365717 a prime number?
True
Is 2475260467 prime?
False
Is 1858009409 composite?
True
Is 297384229 prime?
True
Is 51095331941 prime?
True
Is 9718742939 composite?
False
Is 8769246971 a prime number?
False
Is 8039347709 composite?
False
Is 6677044007 a prime number?
True
Is 36035292659 prime?
False
Is 1088742829 a prime number?
True
Is 8829703189 composite?
True
Is 8381140207 composite?
True
Is 25210540805 a composite number?
True
Is 142063619081 prime?
True
Is 2500190607 prime?
False
Is 14472208679 composite?
False
Is 450733417 a prime number?
False
Is 7829305559 composite?
False
Is 248259461 a prime number?
True
Is 98542337017 prime?
False
Is 50406583207 a composite number?
True
Is 333586241 prime?
False
Is 31497265721 a composite number?
False
Is 43168476811 composite?
True
Is 1344049277 a prime number?
True
Is 377559827 a prime number?
True
Is 2208814529 prime?
False
Is 1262629079 prime?
True
Is 21860291599 a prime number?
True
Is 112518657929 prime?
False
Is 96408167 composite?
False
Is 305952002 composite?
True
Is 709882739 a composite number?
True
Is 3725874291 prime?
False
Is 6230662939 a prime number?
False
Is 15173793829 a prime number?
True
Is 14328370583 a composite number?
True
Is 2014697537 prime?
True
Is 287408287 prime?
False
Is 28155382151 prime?
False
Is 32453879587 prime?
True
Is 4990105397 composite?
False
Is 1892507297 a prime number?
True
Is 1295773253 prime?
False
Is 139755357997 a composite number?
False
Is 15151683362 composite?
True
Is 124954454791 prime?
False
Is 5696325769 a composite number?
False
Is 330695471 composite?
True
Is 85534619 a composite number?
False
Is 2250804389 a composite number?
False
Is 2172766051 a prime number?
True
Is 351550691 composite?
False
Is 3061360033 a prime number?
False
Is 17330410129 a prime number?
True
Is 10279202 prime?
False
Is 2460761351 prime?
True
Is 59954471377 a prime number?
True
Is 181035302113 a prime number?
True
Is 1000427313 a composite number?
True
Is 20218392431 prime?
False
Is 303888223 prime?
False
Is 3705274817 composite?
True
Is 499026199271 a prime number?
False
Is 419782571 prime?
False
Is 261187831 prime?
True
Is 956409833 prime?
True
Is 120272307563 a prime number?
False
Is 631375081 composite?
True
Is 1455087497 composite?
False
Is 809092787 a prime number?
True
Is 30392744443 prime?
False
Is 17127682967 prime?
False
Is 2313251531 a prime number?
True
Is 9894463141 a composite number?
True
Is 10918403879 prime?
False
Is 513663929 a composite number?
False
Is 1348645969 composite?
True
Is 12989448317 prime?
True
Is 27022130231 a prime number?
True
Is 77579478397 composite?
True
Is 6841669481 a prime number?
True
Is 12511957739 a composite number?
False
Is 1596